 the value of (29 - 42 - -13) + -10 + 43?
33
What is the value of -6 - -70 - (6 - 24 - -38)?
44
What is the value of 0 - (13 + 9 - (13 + -11))?
-20
What is the value of 137 - (92 - 2 - 23)?
70
Evaluate -13 + 11 - (-16 + 20).
-6
Calculate (1278 - 1288) + (130 - (-4 - 2) - -3).
129
What is the value of (-20 + 2 - -2) + -23?
-39
Calculate -4 + 10 + -13 + 73 - (-22 + 27).
61
Calculate (12 - -3 - (-287 + 304)) + -22.
-24
What is the value of (19 - 9 - 22) + (8 - 4) + -16?
-24
Calculate -2612 + 2620 - (-36 + (4 - 2)).
42
What is (20 - -54) + (3 - (6 + (-2 - -8)))?
65
(-12 - (-41 - (15 + 3 - 26))) + 7
28
Calculate (2 - 15 - (362 - 378)) + 37.
40
What is the value of -7570 - -7604 - (-1 + (180 - 2))?
-143
What is (-1 - -2) + (27497 - 27597)?
-99
What is -40 + -8 - (-9 + 3 + 3 - 16)?
-29
Calculate -1 + -22 - ((-25 - (-82 + 51)) + -39).
10
-16 - (-23 + 4 + 26 + -19)
-4
(15 + -18 + -10 - (-3 - -3)) + (-7 - 3)
-23
What is the value of 49 - (-17 + 7 + 6 + -13)?
66
24 + -48 + 20 - -15 - 21
-10
What is the value of (-906 - -869) + -16 + 2?
-51
(-1 + -5 - -11) + (-238 - -271)
38
29 + 27 + 57 + -26 + -11
76
What is 0 - (0 + -3 - 8) - (8 - (5 + -27))?
-19
Calculate (16 - -5) + -95 + 2 + 9 - (-17 + 4).
-50
Evaluate 55 - (170 - 48) - -102.
35
What is the value of 412 + -454 + (-4 - -32) - (-38 + -1)?
25
Calculate -69 + (111 - (12 - -56)).
-26
What is the value of -9 + ((1 + -12 - -9) + -13 + -6 - -10)?
-20
Evaluate (-27 - -5) + 20 + (-2 - (-57 - 0)).
53
Calculate 620 - 683 - (-23 + -1).
-39
-65 + 40 - -1 - -10 - (82 + -2 + 2)
-96
Evaluate -55 + 3 - (0 - 0) - (-6 + 20 + -10).
-56
What is 0 - -36 - (-11 + (-10 - -39) + 10 + -27)?
35
-20 - (109 + -6 + -22 + -15)
-86
Evaluate -37 + (53 - 82 - -9) + 9 + 1.
-47
What is 272 + -482 + 229 + (1 - (-1 + -49))?
70
Calculate -2 - (2 - (6 - -51)).
53
Calculate (41 - 2) + (4 + 0 + -14 - (-283 + 262)).
50
17 + (-51 - (-15 + -1)) + 61
43
-180 - -17 - (-308 - -229)
-84
What is (26 - 32) + 7 + (2 - 13) + (-77 - 1)?
-88
Calculate 12 - (28 + (-13 + 11 - 1) - 6).
-7
What is the value of (-97 - (-96 - -110)) + 26?
-85
What is -129 + (39 - -57) + -108?
-141
Evaluate -10 - (23 - (-94 - -230)).
103
What is the value of -96 + (8 - (-46 - 7))?
-35
8 + (2 + -33 - (6 + 53 - 75))
-7
Evaluate (40 - 1) + 2082 + -2195.
-74
Calculate (2 - -54) + (-73 - (-11 - 58)).
52
What is -4 + (-4 - (-35 - -12 - -13)) - (65 - 2)?
-61
Calculate 22 + -1 + -3 + -1887 + 1824.
-45
Calculate ((1 - (1 + 0)) + 153 + -152 - -5) + -7.
-1
Evaluate -2 - 87 - (-30 - ((18 - 78) + 38)).
-81
What is the value of (-14 - (18 + -38)) + -26 + 26 + 32 + -1?
37
What is the value of -46 - (-16 - 25) - 0?
-5
What is (-23 - 0) + (25 - (-22 - -44))?
-20
443 + -430 - (7 - 5 - 130 - (0 - 3))
138
Evaluate 3 + 30 + -27 + 12 + -7 + (27 - 0).
38
What is the value of -15 + (-10 - -5) + -11 + -5?
-36
Calculate 7 + 25 + -45 - ((-2 - -2) + -106) - 3.
90
What is 9 + -21 + 5 + 2 + 1 + (2 - -11)?
9
0 + -28 + 3 + 17 - (-28 + -6)
26
-288 + 227 - (-7 - 26)
-28
What is 17 - (139 + (38 - (28 + 37)))?
-95
What is the value of (52 - 70) + -47 + 35 + (7 - 2)?
-25
Evaluate -54 - (25 + -7 + -23 + 22).
-71
What is the value of 55 + 1 - (-25 - (200 + -224 + -1 + -1))?
55
(5 - -2) + ((3 - 2) + (-83 - -89) - 25)
-11
Evaluate 40 - (-39 + (-24 - -56)).
47
Calculate 36 - ((-62 - (-49 - -11)) + 83).
-23
What is (61 - (56 + -8)) + -57?
-44
Calculate (51 - 139) + 133 - (4 - -24).
17
What is the value of -19 + 21 + 10 - (-4 - -1 - -2)?
13
Evaluate 4 + (16 - -37 - -5).
62
-11 + -11 + (7 - -79) + -22
42
95 - (1 + -14 + (19 - 13) + (-5 - -12))
95
Evaluate -2 + -44 + (-138 - (-106 - 9)).
-69
What is the value of (34 - 52) + (26 - 0) + -14 + (-20 - 1)?
-27
17 + (-9 - (6 + 15)) + -1 + 22
8
92 + (22 + 30 - 32) + (0 - 7)
105
Calculate (-8 - (8 + -13 + 7)) + (17 - 6) - -65.
66
What is the value of -44 + 1 + -39 + 17 + 0?
-65
What is -1 - -10 - (17 + (-8 + -42 - -6))?
36
Evaluate 17 + 7 + -4 + -1 + 1.
20
Evaluate 43 - (75 - (3 - -44)).
15
Calculate 120 + 2 - 17 - (15 + -6 + -23).
119
Evaluate -7 + -8 + 9 + 17 + 20 + 16 + -28.
19
Calculate -6 + 68 + 54 + -81.
35
-64 + (116 + -57 - 17)
-22
(50 - (63 - -6)) + -38
-57
Calculate 11 + -1 - (-306 - (-517 + 199)).
-2
What is 14 - (35 - 28 - -23 - 37)?
21
Evaluate -5 - -2 - ((163 + -175 - (21 + 0)) + -8).
38
What is the value of (-23 - 15 - -6) + -59 + 26?
-65
Calculate 0 + -28 - (-1 + 10 - (412 - 401)).
-26
830 - 931 - (-51 + 0)
-50
What is -80 + 23 + 37 + 10 + 35?
25
Evaluate 15 + -26 + (-6 - (-20 - (3 - 6))).
0
Calculate 101 + -66 + (-1 - 13) + -15 + 48.
54
What is (-24 - 6) + (57 - -30)?
57
Evaluate -8 + 27 - 16 - (7 - (6 - 5)).
-3
What is (84 - (-34 + 94) - (-127 - 0)) + -15?
136
-72 + 48 + (53 - 69)
-40
Calculate -4 - (-2 + (1 - 12) - (-97 + 32 + -19)).
-75
Evaluate -181 + 242 - (46 - -3).
12
What is (-29 + 64 - -1) + -19 - (1 + -10)?
26
What is -1 - (-2 - -1) - 5 - (284 + -445 + 269)?
-113
-97 + (202 - 132) - (0 - -22)
-49
Calculate 10 + 44 + (-21 - (-3 + -28)).
64
Evaluate 214 + -132 + (6 - 46).
42
Evaluate 21 + 30 - (178 + -28).
-99
What is the value of (-2 - (-40 + 8 + 35)) + -100?
-105
What is the value of (6 - -130) + (618 - 652)?
102
Evaluate (-35 - (19 - (-43 + 85))) + -1 + 118 + -2.
103
What is (821 + -785 - (-10 - 2)) + -11?
37
-6 + 31 + -47 + 40
18
Calculate 15 + -7 + (26 - 3 - 0) + (155 - 160).
26
Calculate -21 + (7 - (-15 + 3 + 22)).
-24
Evaluate -49 + (1 + 22 - -3 - (116 + -103)).
-36
What is the value of (126 - 132) + -14 + 5?
-15
What is the value of -31 + 26 + -21 + -28 + 47?
-7
What is the value of -3 + (2 + -5 - (4 - 13) - 4)?
-1
-157 + 173 + 133 + -239
-90
45 - (20 - (-4 + 10 - (-4 - -3)))
32
Evaluate (-1 - (-1 - -9)) + -2 - (91 - (-86 + 175)).
-13
-8 + 1 - (-11 - (10 + -23 + 12))
3
What is (-102 - -55 - -32) + 8 + 1 - 30?
-36
Evaluate (-15 - (-33 + 8)) + 9 - 49.
-30
What is 99 - (97 + -27) - -39?
68
Evaluate -183 + 213 + 7 + 53.
90
59 + (-12 + 14 + 24 - 18 - (9 + -4))
62
Calculate 15 - 29 - -114 - 1 - (-18 - -27).
90
Evaluate 1 + -32 - (2839 + -2883).
13
Calculate -30 - (-78 + 14) - -63 - 20.
77
What is 6 + -7 + (-2 - 4 - -9) + -34?
-32
Calculate 464 + -473 - ((-5 - -3) + 19).
-26
What is -13 + -21 + -17 + (-17 - 8) - 4?
-80
What is (-15 + 25 - 11 - 33) + 21?
-13
Calculate (-9 - (-5 - (21 + -14 + 6))) + 48.
57
Evaluate 20 + -41 - 5 - 8 - 8.
-42
What is (22 - (22 - -9)) + 27 - (-1 + -3)?
22
What is the value of -492 - -456 - (-14 + -3)?
-19
Calculate (-376 - -402) + -21 + 3.
8
Evaluate (8 - 0) + -49 + -5 + 42 + -46.
-50
11 + -32 + -75 + 41
-55
What is the value of -4 + (1 - (4 + -72)) + -66 + 54?
53
Evaluate (0 - -120) + 21532 + -21642.
10
-74 - -25 - (-190 - -32) - 50
59
What is 19 - ((7 + -24 - 15) + -3)?
54
What is the value of -8 - (-119 + (-144 + 142 - (-2 + 7 - 20)))?
98
Evaluate -993 + 918 - (-36 + -1).
-38
4 + 6 - (-30 + 26 - 25)
39
Calculate 6 - ((-11 - -5) + 0) - (22 - (25 - -8)).
23
Calculate 137 + -113 - (30 - -7) - 16.
-29
57 - ((30 - 15) + -10) - (13 + -2 - 0)
41
28 + 7 + -30 - -12
17
Evaluate -18 + -5 + -1 + (132 - 113) - 66.
-71
20 + (6 - -49) - 31
44
What is the value of (96 - 139 - (-34 - 5)) + (-1 - 69)?
-74
Calculate (5 - 9) + (4 - (-59 + 4) - (5 - 7)).
57
What is 2 + -20 - -10 - -17 - (-1 + -2 - 3)?
15
(136 - (-46 - -101)) + (-26 - -4)
59
Calculate 66 + (77 - (25 - -45 - 31)).
104
Calculate (-21 + 1 - (7 - 4)) + (-46 - 37) + 76.
-30
Calculate (1 - -38) + -18 + 56 + -81.
-4
-10 + 4 + (-6 - (2 + -1)) + 432 + -416
3
What is the value of -3 - (-71 - 0 - (-13 - (-33 - -24)))?
64
6 + (624 - 598) + (-1 - -14)
45
What is (10 - 4 - (-34 + 41)) + -8 + -36 + 10?
-35
Calculate 76 - (-74 + (38 - -102)).
10
What is 11 - (13 - (-74 - -52))?
-24
Calculate (-94 - -67) + 140 + -45.
68
What is the value of -8 + (6 - (-1 + 7 - 5) - (1 + 4))?
-8
What is (8 - 21) + 26 + -8 + (48 - 7)?
46
What is (-40 - -13) + 6 - (-20 - -6 - -25)?
-32
What is (-3 - 1 - 25) + -73 + (170 - 94)?
-26
What is the value of -3 + -8 + 2 + (48 + 20 - 80)?
-21
What is the value of 5 + -12 + 4 + (4 - -1) + -33 + 24?
-7
3 + 1 + (10 - (0 + 21)) + 33
26
What is the value of -20 + 26 - (4 - 8 - -12)?
-2
Evaluate -579 + 614 + (3 - 134).
-96
What is (408 + -194 - 221) + (0 + -22 - -2)?
-27
-34 + (-108 - (-36 - (-3 - -11)))
-98
Evaluate 27 - (5 - (-2 - 19)).
1
Evaluate -160 - -208 - (5 + -6 +